{"id":521,"date":"2019-02-02T19:27:48","date_gmt":"2019-02-02T19:27:48","guid":{"rendered":"https:\/\/escolaemp.com.br\/emp\/?page_id=521"},"modified":"2026-04-07T20:31:51","modified_gmt":"2026-04-07T20:31:51","slug":"viola-caipira","status":"publish","type":"page","link":"https:\/\/escolaemp.com.br\/emp\/viola-caipira\/","title":{"rendered":"Viola Caipira"},"content":{"rendered":"<p>Viola caipira, tamb\u00e9m conhecida como viola sertaneja, viola cabocla e viola brasileira, \u00e9 um\u00a0instrumento musical de\u00a0cordas. Com suas varia\u00e7\u00f5es, \u00e9 popular principalmente no interior do Brasil, sendo um dos s\u00edmbolos da m\u00fasica popular brasileira.<\/p>\n<p>O curso de Viola da Escola EMP foi estruturado em dois n\u00edveis, com a dura\u00e7\u00e3o m\u00ednima de um ano para cada n\u00edvel.<\/p>\n<p>Nas aulas do instrumento ser\u00e3o abordados:<\/p>\n<ul>\n<li>Afina\u00e7\u00e3o<\/li>\n<li>T\u00e9cnica de direita e esquerda<\/li>\n<\/ul>\n<p>\u00b7 Ritmos dos principais estilos que utilizam a viola,<\/p>\n<ul>\n<li>Acordes e substitui\u00e7\u00e3o de acordes<\/li>\n<\/ul>\n<p>\u00b7 Escalas e arpejos e sua aplicabilidade nas m\u00fasicas estudadas<\/p>\n<ul>\n<li>Repert\u00f3rio espec\u00edfico do instrumento.<\/li>\n<\/ul>\n<p>Ap\u00f3s o t\u00e9rmino de cada n\u00edvel o aluno receber\u00e1 um certificado de conclus\u00e3o.<\/p>\n<p>Al\u00e9m da aula do instrumento o aluno poder\u00e1 fazer aulas semanais complementares de pr\u00e1tica em conjunto e musicaliza\u00e7\u00e3o (percep\u00e7\u00e3o, teoria, treinamento r\u00edtmico e harmonia), possibilitando ao m\u00fasico uma forma\u00e7\u00e3o completa e preparando-o para o mercado de trabalho.<\/p>\n<p><strong>Divis\u00e3o das aulas:<\/strong><\/p>\n<ul>\n<li>1 aula\/ semana pr\u00e1tica do instrumento<\/li>\n<li>\u00a0aulas de pr\u00e1tica em conjunto \u2192 <a href=\"https:\/\/escolaemp.com.br\/emp\/praticas-em-conjunto\/\">Consulte as aulas (*)<\/a><\/li>\n<li>1 aula\/ semana <a href=\"https:\/\/escolaemp.com.br\/emp\/musicalizacao-adulto\/\">musicaliza\u00e7\u00e3o<\/a> (teoria musical) *<\/li>\n<\/ul>\n<p>Obs: para aula de viola o aluno dever\u00e1 levar o seu instrumento.<\/p>\n<p>(*) cursos adicionais oferecidos\u00a0<u>gratuitamente<\/u> a todos os alunos matriculados em cursos regulares da EMP.<\/p>\n<h4><strong>Tabela de pre\u00e7os:<\/strong><\/h4>\n<table class=\"price-table\" cellspacing=\"0\" cellpadding=\"10\">\n<tbody>\n<tr>\n<td><strong>Matr\u00edcula:<\/strong><\/td>\n<td>\n<p class=\"show_enrol\" title=\"\" data-original-title=\"\"><a href=\"#popup-69d5da00da85b\" rel=\"prettyphoto\" class=\"popup-link\">Veja as op\u00e7\u00f5es<\/a><div id=\"popup-69d5da00da85b\" class=\"popup-content\"><div class=\"popup-inner\" ><\/p>\n<p style=\"font-weight: 400;\"><strong>R$\n113,00\t\n\n<?php<\/strong>\u00a0alunos at\u00e9 10 anos<\/p>\n<p style=\"font-weight: 400;\"><strong>R$\n198,00\n<?php<\/strong>\u00a0incluindo material did\u00e1tico do N\u00edvel I (Musicaliza\u00e7\u00e3o e Instrumento).<\/p>\n<p style=\"font-weight: 400;\"><em>O valor pode ser pago em 3 parcelas (cart\u00e3o de cr\u00e9dito).<\/em><\/p>\n<p class=\"show_enrol\" title=\"\" data-original-title=\"\"><small class=\"\">\u00a0<\/small><\/div><\/div>\n<\/p>\n<\/td>\n<\/tr>\n<tr>\n<td><strong>Mensalidade:<\/strong><\/td>\n<td>R$ \n618,00\n<?php<\/td>\n<\/tr>\n<\/tbody>\n<\/table>\n<p>Este curso tem material did\u00e1tico composto por apostila e \u00e1udio.<\/p>\n<p><a href=\"https:\/\/escolaemp.com.br\/emp\/professores-de-viola-caipira\/\">Conhe\u00e7a o(s) professor(es).<\/a><\/p>\n<div class=\"alert alert_warning\"><div class=\"alert_icon\"><i class=\"icon-lamp\"><\/i><\/div><div class=\"alert_wrapper\"><\/p>\n<p><strong>Infra-estrutura:<\/strong>\u00a0Salas com instrumentos, amplificadores , sistema de som e computador.<\/p>\n<p>As aulas n\u00e3o s\u00e3o obrigatoriamente individuais, por\u00e9m mais de 90% das nossas turmas tem apenas um aluno. Turmas com 2 alunos, s\u00e3o criadas apenas quando o professor acredita que tal jun\u00e7\u00e3o seja um benef\u00edcio para o melhor desenvolvimento dos alunos envolvidos. Para que isto aconte\u00e7a, os alunos precisam estar no mesmo n\u00edvel da metodologia, al\u00e9m de semelhante perfil (gosto musical e idade).<\/p>\n<p><\/div><a href=\"#\" class=\"close\"><i class=\"icon-cancel\"><\/i><\/a><\/div>\n\n","protected":false},"excerpt":{"rendered":"<p>Viola caipira, tamb\u00e9m conhecida como viola sertaneja, viola cabocla e viola brasileira, \u00e9 um\u00a0instrumento musical de\u00a0cordas. Com suas varia\u00e7\u00f5es, \u00e9 popular principalmente no interior do Brasil,<span class=\"excerpt-hellip\"> [\u2026]<\/span><\/p>\n","protected":false},"author":1,"featured_media":0,"parent":0,"menu_order":0,"comment_status":"closed","ping_status":"closed","template":"","meta":[],"_links":{"self":[{"href":"https:\/\/escolaemp.com.br\/emp\/wp-json\/wp\/v2\/pages\/521"}],"collection":[{"href":"https:\/\/escolaemp.com.br\/emp\/wp-json\/wp\/v2\/pages"}],"about":[{"href":"https:\/\/escolaemp.com.br\/emp\/wp-json\/wp\/v2\/types\/page"}],"author":[{"embeddable":true,"href":"https:\/\/escolaemp.com.br\/emp\/wp-json\/wp\/v2\/users\/1"}],"replies":[{"embeddable":true,"href":"https:\/\/escolaemp.com.br\/emp\/wp-json\/wp\/v2\/comments?post=521"}],"version-history":[{"count":20,"href":"https:\/\/escolaemp.com.br\/emp\/wp-json\/wp\/v2\/pages\/521\/revisions"}],"predecessor-version":[{"id":3117,"href":"https:\/\/escolaemp.com.br\/emp\/wp-json\/wp\/v2\/pages\/521\/revisions\/3117"}],"wp:attachment":[{"href":"https:\/\/escolaemp.com.br\/emp\/wp-json\/wp\/v2\/media?parent=521"}],"curies":[{"name":"wp","href":"https:\/\/api.w.org\/{rel}","templated":true}]}}