{"id":489,"date":"2019-02-02T18:42:41","date_gmt":"2019-02-02T18:42:41","guid":{"rendered":"https:\/\/escolaemp.com.br\/emp\/?page_id=489"},"modified":"2026-01-28T13:45:33","modified_gmt":"2026-01-28T13:45:33","slug":"audio-e-producao-musical-pro-tools-logic-ou-nuendo","status":"publish","type":"page","link":"https:\/\/escolaemp.com.br\/emp\/audio-e-producao-musical-pro-tools-logic-ou-nuendo\/","title":{"rendered":"\u00c1udio e Produ\u00e7\u00e3o Musical &#8211; Pro Tools, Logic ou Nuendo"},"content":{"rendered":"<p style=\"font-weight: 400;\">Se voc\u00ea deseja aprender a gravar, editar e mixar com qualidade profissional, este curso \u00e9 para voc\u00ea! Com um programa completo e pr\u00e1tico, vamos explorar desde os fundamentos do \u00e1udio at\u00e9 t\u00e9cnicas avan\u00e7adas de mixagem e automa\u00e7\u00e3o.<\/p>\n<p style=\"font-weight: 400;\">T\u00f3picos:<\/p>\n<ul style=\"font-weight: 400;\">\n<li>Hist\u00f3ria e introdu\u00e7\u00e3o a grava\u00e7\u00e3o digital, Grava\u00e7\u00e3o, MIDI, Mixagem.<\/li>\n<li>Fundamentos do \u00c1udio, modos de opera\u00e7\u00e3o e ferramentas.<\/li>\n<li>Janelas: Mix (tipos de tracks, inserts, send, pan, etc) e edit (Track, comments, midi, global view, regions).<\/li>\n<li>Menus, grava\u00e7\u00e3o, audio e MIDI, edi\u00e7\u00e3o, bus, sends e grupos, equaliza\u00e7\u00e3o, processadores de din\u00e3mica (Compressor, gate e limiter), efeitos (delay, reverb, chorus e flanger), grava\u00e7\u00e3o de bateria (\u00e1udio e midi), elastic ,event Tools, strip Silence e automa\u00e7\u00e3o.<\/li>\n<\/ul>\n<p style=\"font-weight: 400;\">Este curso \u00e9 dado no modo intensivo e individual.<\/p>\n<p style=\"font-weight: 400;\">O curso \u00e9 dado na plataforma Pro-Tools, mas tamb\u00e9m pode ser dado nas plataformas Logic e Nuendo<\/p>\n<p style=\"font-weight: 400;\">O aluno que optar pelo Pro-Tools tem desconto na compra do software.<\/p>\n<p>Dura\u00e7\u00e3o: 20 horas.<\/p>\n<p><strong>Pre\u00e7o:<\/strong> \n4.666,00\t\n\n<?php<\/p>\n<ul>\n<li style=\"list-style-type: none;\">\n<ul>\n<li><a href=\"https:\/\/escolaemp.com.br\/emp\/professores-curso-producao-musical\/\">Veja os professores<\/a><\/li>\n<\/ul>\n<\/li>\n<\/ul>\n","protected":false},"excerpt":{"rendered":"<p>Se voc\u00ea deseja aprender a gravar, editar e mixar com qualidade profissional, este curso \u00e9 para voc\u00ea! Com um programa completo e pr\u00e1tico, vamos explorar desde<span class=\"excerpt-hellip\"> [\u2026]<\/span><\/p>\n","protected":false},"author":1,"featured_media":0,"parent":0,"menu_order":0,"comment_status":"closed","ping_status":"closed","template":"","meta":[],"_links":{"self":[{"href":"https:\/\/escolaemp.com.br\/emp\/wp-json\/wp\/v2\/pages\/489"}],"collection":[{"href":"https:\/\/escolaemp.com.br\/emp\/wp-json\/wp\/v2\/pages"}],"about":[{"href":"https:\/\/escolaemp.com.br\/emp\/wp-json\/wp\/v2\/types\/page"}],"author":[{"embeddable":true,"href":"https:\/\/escolaemp.com.br\/emp\/wp-json\/wp\/v2\/users\/1"}],"replies":[{"embeddable":true,"href":"https:\/\/escolaemp.com.br\/emp\/wp-json\/wp\/v2\/comments?post=489"}],"version-history":[{"count":17,"href":"https:\/\/escolaemp.com.br\/emp\/wp-json\/wp\/v2\/pages\/489\/revisions"}],"predecessor-version":[{"id":3057,"href":"https:\/\/escolaemp.com.br\/emp\/wp-json\/wp\/v2\/pages\/489\/revisions\/3057"}],"wp:attachment":[{"href":"https:\/\/escolaemp.com.br\/emp\/wp-json\/wp\/v2\/media?parent=489"}],"curies":[{"name":"wp","href":"https:\/\/api.w.org\/{rel}","templated":true}]}}

Áudio e Produção Musical &#8211; Pro Tools, Logic ou Nuendo

<p style="font-weight: 400;">Se você deseja aprender a gravar, editar e mixar com qualidade profissional, este curso é para você! Com um programa completo e prático, vamos explorar desde os fundamentos do áudio até técnicas avançadas de mixagem e automação.</p>
<p style="font-weight: 400;">Tópicos:</p>
<ul style="font-weight: 400;">
<li>História e introdução a gravação digital, Gravação, MIDI, Mixagem.</li>
<li>Fundamentos do Áudio, modos de operação e ferramentas.</li>
<li>Janelas: Mix (tipos de tracks, inserts, send, pan, etc) e edit (Track, comments, midi, global view, regions).</li>
<li>Menus, gravação, audio e MIDI, edição, bus, sends e grupos, equalização, processadores de dinãmica (Compressor, gate e limiter), efeitos (delay, reverb, chorus e flanger), gravação de bateria (áudio e midi), elastic ,event Tools, strip Silence e automação.</li>
</ul>
<p style="font-weight: 400;">Este curso é dado no modo intensivo e individual.</p>
<p style="font-weight: 400;">O curso é dado na plataforma Pro-Tools, mas também pode ser dado nas plataformas Logic e Nuendo</p>
<p style="font-weight: 400;">O aluno que optar pelo Pro-Tools tem desconto na compra do software.</p>
<p>Duração: 20 horas.</p>
<p><strong>Preço:</strong> 
4.666,00	

<?php</p>
<ul>
<li style="list-style-type: none;">
<ul>
<li><a href="https://escolaemp.com.br/emp/professores-curso-producao-musical/">Veja os professores</a></li>
</ul>
</li>
</ul>

<p>Se você deseja aprender a gravar, editar e mixar com qualidade profissional, este curso é para você! Com um programa completo e prático, vamos explorar desde<span class="excerpt-hellip"> […]</span></p>
