{"id":2836,"date":"2025-05-06T20:01:34","date_gmt":"2025-05-06T20:01:34","guid":{"rendered":"https:\/\/escolaemp.com.br\/emp\/?page_id=2836"},"modified":"2026-02-19T20:48:53","modified_gmt":"2026-02-19T20:48:53","slug":"grupo-de-estudos-instrumental","status":"publish","type":"page","link":"https:\/\/escolaemp.com.br\/emp\/grupo-de-estudos-instrumental\/","title":{"rendered":"Grupo de estudos instrumental"},"content":{"rendered":"\n<p><\/p>\n\n\n\n<p>A Escola de M\u00fasica EMP tem o prazer de anunciar um novo curso de pr\u00e1tica instrumental, ideal para m\u00fasicos que desejam aprimorar suas habilidades t\u00e9cnicas e interpretativas em um ambiente colaborativo e inspirador.<\/p>\n\n\n\n<figure class=\"wp-block-image size-large\"><img decoding=\"async\" loading=\"lazy\" width=\"1024\" height=\"1024\" src=\"https:\/\/escolaemp.com.br\/emp\/wp-content\/uploads\/2026\/02\/Grupo-de-estudos-instrumental-primeiro-trimestre-de-2026-1024x1024.jpg\" alt=\"\" class=\"wp-image-3068\" srcset=\"https:\/\/escolaemp.com.br\/emp\/wp-content\/uploads\/2026\/02\/Grupo-de-estudos-instrumental-primeiro-trimestre-de-2026-1024x1024.jpg 1024w, https:\/\/escolaemp.com.br\/emp\/wp-content\/uploads\/2026\/02\/Grupo-de-estudos-instrumental-primeiro-trimestre-de-2026-300x300.jpg 300w, https:\/\/escolaemp.com.br\/emp\/wp-content\/uploads\/2026\/02\/Grupo-de-estudos-instrumental-primeiro-trimestre-de-2026-150x150.jpg 150w, https:\/\/escolaemp.com.br\/emp\/wp-content\/uploads\/2026\/02\/Grupo-de-estudos-instrumental-primeiro-trimestre-de-2026-768x768.jpg 768w, https:\/\/escolaemp.com.br\/emp\/wp-content\/uploads\/2026\/02\/Grupo-de-estudos-instrumental-primeiro-trimestre-de-2026-146x146.jpg 146w, https:\/\/escolaemp.com.br\/emp\/wp-content\/uploads\/2026\/02\/Grupo-de-estudos-instrumental-primeiro-trimestre-de-2026-50x50.jpg 50w, https:\/\/escolaemp.com.br\/emp\/wp-content\/uploads\/2026\/02\/Grupo-de-estudos-instrumental-primeiro-trimestre-de-2026-75x75.jpg 75w, https:\/\/escolaemp.com.br\/emp\/wp-content\/uploads\/2026\/02\/Grupo-de-estudos-instrumental-primeiro-trimestre-de-2026-85x85.jpg 85w, https:\/\/escolaemp.com.br\/emp\/wp-content\/uploads\/2026\/02\/Grupo-de-estudos-instrumental-primeiro-trimestre-de-2026-80x80.jpg 80w, https:\/\/escolaemp.com.br\/emp\/wp-content\/uploads\/2026\/02\/Grupo-de-estudos-instrumental-primeiro-trimestre-de-2026.jpg 1400w\" sizes=\"(max-width: 1024px) 100vw, 1024px\" \/><\/figure>\n\n\n\n<h3>\ud83c\udfb6 Repert\u00f3rio Fevereiro\/Abril:<\/h3>\n\n\n\n<p><em>Beb\u00ea<\/em>&nbsp;\u2013 Hermeto Pascoal<\/p>\n\n\n\n<p><em>Cause we&#8217;ve ended as lovers<\/em>&nbsp;\u2013 Jeff Beck<\/p>\n\n\n\n<p><em>Cantaloupe Island<\/em>&nbsp;\u2013 Herbie Hancock<\/p>\n\n\n\n<p><em>Blue Wind<\/em>&nbsp;\u2013 Jeff Beck<\/p>\n\n\n\n<p><em>The Vanguard<\/em>&nbsp;\u2013 D&#8217;Angelo<\/p>\n\n\n\n<h3>Professor:<\/h3>\n\n\n\n<p>Ant\u00f4nio Andr\u00e9, renomado m\u00fasico e educador com vasta experi\u00eancia em performance e ensino musical.<\/p>\n\n\n\n<p><\/p>\n\n\n\n<h3>\ud83d\udcc5 Informa\u00e7\u00f5es do Curso:<\/h3>\n\n\n\n<p><strong>Hor\u00e1rio:<\/strong>&nbsp;Segundas-feiras, das 20h \u00e0s 21h<\/p>\n\n\n\n\n<b>Mensalidade<\/b>:\u00a0R$87,00 para alunos da EMP | R$162,00 para o p\u00fablico externo<\/br>\t\n\n<?php\n\n\n\n<p><strong>Taxa de matr\u00edcula:<\/strong>&nbsp;Isenta<\/p>\n\n\n\n<p>N\u00e3o perca a oportunidade de expandir seu repert\u00f3rio e desenvolver sua musicalidade com orienta\u00e7\u00e3o especializada. As vagas s\u00e3o limitadas!<\/p>\n","protected":false},"excerpt":{"rendered":"<p>A Escola de M\u00fasica EMP tem o prazer de anunciar um novo curso de pr\u00e1tica instrumental, ideal para m\u00fasicos que desejam aprimorar suas habilidades t\u00e9cnicas e<span class=\"excerpt-hellip\"> [\u2026]<\/span><\/p>\n","protected":false},"author":1,"featured_media":2837,"parent":0,"menu_order":0,"comment_status":"closed","ping_status":"closed","template":"","meta":[],"_links":{"self":[{"href":"https:\/\/escolaemp.com.br\/emp\/wp-json\/wp\/v2\/pages\/2836"}],"collection":[{"href":"https:\/\/escolaemp.com.br\/emp\/wp-json\/wp\/v2\/pages"}],"about":[{"href":"https:\/\/escolaemp.com.br\/emp\/wp-json\/wp\/v2\/types\/page"}],"author":[{"embeddable":true,"href":"https:\/\/escolaemp.com.br\/emp\/wp-json\/wp\/v2\/users\/1"}],"replies":[{"embeddable":true,"href":"https:\/\/escolaemp.com.br\/emp\/wp-json\/wp\/v2\/comments?post=2836"}],"version-history":[{"count":6,"href":"https:\/\/escolaemp.com.br\/emp\/wp-json\/wp\/v2\/pages\/2836\/revisions"}],"predecessor-version":[{"id":3070,"href":"https:\/\/escolaemp.com.br\/emp\/wp-json\/wp\/v2\/pages\/2836\/revisions\/3070"}],"wp:featuredmedia":[{"embeddable":true,"href":"https:\/\/escolaemp.com.br\/emp\/wp-json\/wp\/v2\/media\/2837"}],"wp:attachment":[{"href":"https:\/\/escolaemp.com.br\/emp\/wp-json\/wp\/v2\/media?parent=2836"}],"curies":[{"name":"wp","href":"https:\/\/api.w.org\/{rel}","templated":true}]}}

<p></p>



<p>A Escola de Música EMP tem o prazer de anunciar um novo curso de prática instrumental, ideal para músicos que desejam aprimorar suas habilidades técnicas e interpretativas em um ambiente colaborativo e inspirador.</p>



<figure class="wp-block-image size-large"><img decoding="async" loading="lazy" width="1024" height="1024" src="https://escolaemp.com.br/emp/wp-content/uploads/2026/02/Grupo-de-estudos-instrumental-primeiro-trimestre-de-2026-1024x1024.jpg" alt="" class="wp-image-3068" srcset="https://escolaemp.com.br/emp/wp-content/uploads/2026/02/Grupo-de-estudos-instrumental-primeiro-trimestre-de-2026-1024x1024.jpg 1024w, https://escolaemp.com.br/emp/wp-content/uploads/2026/02/Grupo-de-estudos-instrumental-primeiro-trimestre-de-2026-300x300.jpg 300w, https://escolaemp.com.br/emp/wp-content/uploads/2026/02/Grupo-de-estudos-instrumental-primeiro-trimestre-de-2026-150x150.jpg 150w, https://escolaemp.com.br/emp/wp-content/uploads/2026/02/Grupo-de-estudos-instrumental-primeiro-trimestre-de-2026-768x768.jpg 768w, https://escolaemp.com.br/emp/wp-content/uploads/2026/02/Grupo-de-estudos-instrumental-primeiro-trimestre-de-2026-146x146.jpg 146w, https://escolaemp.com.br/emp/wp-content/uploads/2026/02/Grupo-de-estudos-instrumental-primeiro-trimestre-de-2026-50x50.jpg 50w, https://escolaemp.com.br/emp/wp-content/uploads/2026/02/Grupo-de-estudos-instrumental-primeiro-trimestre-de-2026-75x75.jpg 75w, https://escolaemp.com.br/emp/wp-content/uploads/2026/02/Grupo-de-estudos-instrumental-primeiro-trimestre-de-2026-85x85.jpg 85w, https://escolaemp.com.br/emp/wp-content/uploads/2026/02/Grupo-de-estudos-instrumental-primeiro-trimestre-de-2026-80x80.jpg 80w, https://escolaemp.com.br/emp/wp-content/uploads/2026/02/Grupo-de-estudos-instrumental-primeiro-trimestre-de-2026.jpg 1400w" sizes="(max-width: 1024px) 100vw, 1024px" /></figure>



<h3>🎶 Repertório Fevereiro/Abril:</h3>



<p><em>Bebê</em>&nbsp;– Hermeto Pascoal</p>



<p><em>Cause we&#8217;ve ended as lovers</em>&nbsp;– Jeff Beck</p>



<p><em>Cantaloupe Island</em>&nbsp;– Herbie Hancock</p>



<p><em>Blue Wind</em>&nbsp;– Jeff Beck</p>



<p><em>The Vanguard</em>&nbsp;– D&#8217;Angelo</p>



<h3>Professor:</h3>



<p>Antônio André, renomado músico e educador com vasta experiência em performance e ensino musical.</p>



<p></p>



<h3>📅 Informações do Curso:</h3>



<p><strong>Horário:</strong>&nbsp;Segundas-feiras, das 20h às 21h</p>




<b>Mensalidade</b>: R$87,00 para alunos da EMP | R$162,00 para o público externo</br>	

<?php



<p><strong>Taxa de matrícula:</strong>&nbsp;Isenta</p>



<p>Não perca a oportunidade de expandir seu repertório e desenvolver sua musicalidade com orientação especializada. As vagas são limitadas!</p>

<p>A Escola de Música EMP tem o prazer de anunciar um novo curso de prática instrumental, ideal para músicos que desejam aprimorar suas habilidades técnicas e<span class="excerpt-hellip"> […]</span></p>
