{"id":274,"date":"2018-12-27T12:03:54","date_gmt":"2018-12-27T12:03:54","guid":{"rendered":"https:\/\/escolaemp.com.br\/emp\/?page_id=274"},"modified":"2026-01-08T12:47:36","modified_gmt":"2026-01-08T12:47:36","slug":"horarios-de-musicalizacao","status":"publish","type":"page","link":"https:\/\/escolaemp.com.br\/emp\/horarios-de-musicalizacao\/","title":{"rendered":"Hor\u00e1rios de Musicaliza\u00e7\u00e3o"},"content":{"rendered":"\n<figure class=\"wp-block-image size-large\"><img decoding=\"async\" loading=\"lazy\" width=\"724\" height=\"1024\" src=\"https:\/\/escolaemp.com.br\/emp\/wp-content\/uploads\/2026\/01\/Horarios-das-praticas-em-conjunto-e-Musicalizacao-primeiro-semestre-de-2026-2-724x1024.jpg\" alt=\"\" class=\"wp-image-3044\" srcset=\"https:\/\/escolaemp.com.br\/emp\/wp-content\/uploads\/2026\/01\/Horarios-das-praticas-em-conjunto-e-Musicalizacao-primeiro-semestre-de-2026-2-724x1024.jpg 724w, https:\/\/escolaemp.com.br\/emp\/wp-content\/uploads\/2026\/01\/Horarios-das-praticas-em-conjunto-e-Musicalizacao-primeiro-semestre-de-2026-2-212x300.jpg 212w, https:\/\/escolaemp.com.br\/emp\/wp-content\/uploads\/2026\/01\/Horarios-das-praticas-em-conjunto-e-Musicalizacao-primeiro-semestre-de-2026-2-768x1086.jpg 768w, https:\/\/escolaemp.com.br\/emp\/wp-content\/uploads\/2026\/01\/Horarios-das-praticas-em-conjunto-e-Musicalizacao-primeiro-semestre-de-2026-2-1086x1536.jpg 1086w, https:\/\/escolaemp.com.br\/emp\/wp-content\/uploads\/2026\/01\/Horarios-das-praticas-em-conjunto-e-Musicalizacao-primeiro-semestre-de-2026-2-103x146.jpg 103w, https:\/\/escolaemp.com.br\/emp\/wp-content\/uploads\/2026\/01\/Horarios-das-praticas-em-conjunto-e-Musicalizacao-primeiro-semestre-de-2026-2-35x50.jpg 35w, https:\/\/escolaemp.com.br\/emp\/wp-content\/uploads\/2026\/01\/Horarios-das-praticas-em-conjunto-e-Musicalizacao-primeiro-semestre-de-2026-2-53x75.jpg 53w, https:\/\/escolaemp.com.br\/emp\/wp-content\/uploads\/2026\/01\/Horarios-das-praticas-em-conjunto-e-Musicalizacao-primeiro-semestre-de-2026-2.jpg 1414w\" sizes=\"(max-width: 724px) 100vw, 724px\" \/><\/figure>\n","protected":false},"excerpt":{"rendered":"","protected":false},"author":1,"featured_media":0,"parent":0,"menu_order":0,"comment_status":"closed","ping_status":"closed","template":"","meta":[],"_links":{"self":[{"href":"https:\/\/escolaemp.com.br\/emp\/wp-json\/wp\/v2\/pages\/274"}],"collection":[{"href":"https:\/\/escolaemp.com.br\/emp\/wp-json\/wp\/v2\/pages"}],"about":[{"href":"https:\/\/escolaemp.com.br\/emp\/wp-json\/wp\/v2\/types\/page"}],"author":[{"embeddable":true,"href":"https:\/\/escolaemp.com.br\/emp\/wp-json\/wp\/v2\/users\/1"}],"replies":[{"embeddable":true,"href":"https:\/\/escolaemp.com.br\/emp\/wp-json\/wp\/v2\/comments?post=274"}],"version-history":[{"count":29,"href":"https:\/\/escolaemp.com.br\/emp\/wp-json\/wp\/v2\/pages\/274\/revisions"}],"predecessor-version":[{"id":3045,"href":"https:\/\/escolaemp.com.br\/emp\/wp-json\/wp\/v2\/pages\/274\/revisions\/3045"}],"wp:attachment":[{"href":"https:\/\/escolaemp.com.br\/emp\/wp-json\/wp\/v2\/media?parent=274"}],"curies":[{"name":"wp","href":"https:\/\/api.w.org\/{rel}","templated":true}]}}