{"id":2619,"date":"2024-08-09T17:10:31","date_gmt":"2024-08-09T17:10:31","guid":{"rendered":"https:\/\/escolaemp.com.br\/emp\/?page_id=2619"},"modified":"2024-08-09T17:10:32","modified_gmt":"2024-08-09T17:10:32","slug":"piano-e-voz","status":"publish","type":"page","link":"https:\/\/escolaemp.com.br\/emp\/piano-e-voz\/","title":{"rendered":"Piano e Voz"},"content":{"rendered":"<p>O curso de <strong>Piano e Voz<\/strong> \u00e9 oferecido a alunos que j\u00e1 toquem o piano\/teclado e cantem (n\u00edvel b\u00e1sico pelo menos) que pretendem preparar uma apresenta\u00e7\u00e3o solo de piano\/teclado e voz para objetivos profissionais ou amadores.<\/p>\n<p><strong>T\u00f3picos do curso:<\/strong><\/p>\n<p>1 \u2013 Cria\u00e7\u00e3o do repert\u00f3rio<\/p>\n<p>2 \u2013 Ensaio do repert\u00f3rio escolhido<\/p>\n<p style=\"font-style: inherit; font-weight: 400;\"><strong>Divis\u00e3o das aulas<\/strong>:<\/p>\n<ul>\n<li style=\"font-weight: 400;\">1 aula\/ semana pr\u00e1tica<\/li>\n<\/ul>\n<h4><strong>Tabela de pre\u00e7os:<\/strong><\/h4>\n<table style=\"font-weight: 400;\" width=\"0\">\n<tbody>\n<tr>\n<td><strong>Matr\u00edcula:<\/strong><\/td>\n<td>\n<p class=\"show_enrol\" title=\"\" data-original-title=\"\"><a href=\"#popup-69f2b04ae2e45\" rel=\"prettyphoto\" class=\"popup-link\">Veja as op\u00e7\u00f5es<\/a><div id=\"popup-69f2b04ae2e45\" class=\"popup-content\"><div class=\"popup-inner\" ><\/p>\n<p style=\"font-weight: 400;\"><b>R$\n113,00\t\n\n<?php<\/b> alunos at\u00e9 10 anos<\/p>\n<p style=\"font-weight: 400;\"><b>R$\n198,00\n<?php<\/b>\u00a0incluindo material did\u00e1tico do N\u00edvel I (Musicaliza\u00e7\u00e3o e Instrumento).<\/p>\n<p style=\"font-weight: 400;\"><em>O valor pode ser pago em 3 parcelas (cart\u00e3o de cr\u00e9dito).<\/em><\/p>\n<p class=\"show_enrol\" title=\"\" data-original-title=\"\"><small class=\"\">\u00a0<\/small><\/div><\/div>\n<\/p>\n<\/td>\n<\/tr>\n<tr>\n<td><strong>Mensalidade:<\/strong><\/td>\n<td>R$ \n544,00\t\n\n<?php<\/td>\n<\/tr>\n<\/tbody>\n<\/table>\n<p><a href=\"https:\/\/escolaemp.com.br\/emp\/portfolio-types\/piano-e-voz\/\">Conhe\u00e7a os professores<\/a>.<\/p>\n","protected":false},"excerpt":{"rendered":"<p>O curso de Piano e Voz \u00e9 oferecido a alunos que j\u00e1 toquem o piano\/teclado e cantem (n\u00edvel b\u00e1sico pelo menos) que pretendem preparar uma apresenta\u00e7\u00e3o<span class=\"excerpt-hellip\"> [\u2026]<\/span><\/p>\n","protected":false},"author":1,"featured_media":0,"parent":0,"menu_order":0,"comment_status":"closed","ping_status":"closed","template":"","meta":[],"_links":{"self":[{"href":"https:\/\/escolaemp.com.br\/emp\/wp-json\/wp\/v2\/pages\/2619"}],"collection":[{"href":"https:\/\/escolaemp.com.br\/emp\/wp-json\/wp\/v2\/pages"}],"about":[{"href":"https:\/\/escolaemp.com.br\/emp\/wp-json\/wp\/v2\/types\/page"}],"author":[{"embeddable":true,"href":"https:\/\/escolaemp.com.br\/emp\/wp-json\/wp\/v2\/users\/1"}],"replies":[{"embeddable":true,"href":"https:\/\/escolaemp.com.br\/emp\/wp-json\/wp\/v2\/comments?post=2619"}],"version-history":[{"count":1,"href":"https:\/\/escolaemp.com.br\/emp\/wp-json\/wp\/v2\/pages\/2619\/revisions"}],"predecessor-version":[{"id":2620,"href":"https:\/\/escolaemp.com.br\/emp\/wp-json\/wp\/v2\/pages\/2619\/revisions\/2620"}],"wp:attachment":[{"href":"https:\/\/escolaemp.com.br\/emp\/wp-json\/wp\/v2\/media?parent=2619"}],"curies":[{"name":"wp","href":"https:\/\/api.w.org\/{rel}","templated":true}]}}

<p>O curso de <strong>Piano e Voz</strong> é oferecido a alunos que já toquem o piano/teclado e cantem (nível básico pelo menos) que pretendem preparar uma apresentação solo de piano/teclado e voz para objetivos profissionais ou amadores.</p>
<p><strong>Tópicos do curso:</strong></p>
<p>1 – Criação do repertório</p>
<p>2 – Ensaio do repertório escolhido</p>
<p style="font-style: inherit; font-weight: 400;"><strong>Divisão das aulas</strong>:</p>
<ul>
<li style="font-weight: 400;">1 aula/ semana prática</li>
</ul>
<h4><strong>Tabela de preços:</strong></h4>
<table style="font-weight: 400;" width="0">
<tbody>
<tr>
<td><strong>Matrícula:</strong></td>
<td>
<p class="show_enrol" title="" data-original-title=""><a href="#popup-69f2b04ae2e45" rel="prettyphoto" class="popup-link">Veja as opções</a><div id="popup-69f2b04ae2e45" class="popup-content"><div class="popup-inner" ></p>
<p style="font-weight: 400;"><b>R$
113,00	

<?php</b> alunos até 10 anos</p>
<p style="font-weight: 400;"><b>R$
198,00
<?php</b> incluindo material didático do Nível I (Musicalização e Instrumento).</p>
<p style="font-weight: 400;"><em>O valor pode ser pago em 3 parcelas (cartão de crédito).</em></p>
<p class="show_enrol" title="" data-original-title=""><small class=""> </small></div></div>
</p>
</td>
</tr>
<tr>
<td><strong>Mensalidade:</strong></td>
<td>R$ 
544,00	

<?php</td>
</tr>
</tbody>
</table>
<p><a href="https://escolaemp.com.br/emp/portfolio-types/piano-e-voz/">Conheça os professores</a>.</p>

<p>O curso de Piano e Voz é oferecido a alunos que já toquem o piano/teclado e cantem (nível básico pelo menos) que pretendem preparar uma apresentação<span class="excerpt-hellip"> […]</span></p>
