{"id":166,"date":"2018-12-26T16:32:15","date_gmt":"2018-12-26T16:32:15","guid":{"rendered":"https:\/\/escolaemp.com.br\/emp\/?page_id=166"},"modified":"2025-06-26T00:24:06","modified_gmt":"2025-06-26T00:24:06","slug":"curso-de-harmonia-na-guitarra-e-violao-chord-melody","status":"publish","type":"page","link":"https:\/\/escolaemp.com.br\/emp\/curso-de-harmonia-na-guitarra-e-violao-chord-melody\/","title":{"rendered":"Curso de harmonia na guitarra e viol\u00e3o (Chord Melody)"},"content":{"rendered":"<p><img decoding=\"async\" loading=\"lazy\" class=\"alignnone wp-image-167 size-full\" src=\"https:\/\/escolaemp.com.br\/emp\/wp-content\/uploads\/2018\/12\/Curso-de-harmonia-na-guitarra-e-viol\u00e3o.jpg\" alt=\"Curso de harmonia na guitarra e viol\u00e3o\" width=\"1490\" height=\"200\" srcset=\"https:\/\/escolaemp.com.br\/emp\/wp-content\/uploads\/2018\/12\/Curso-de-harmonia-na-guitarra-e-viol\u00e3o.jpg 1490w, https:\/\/escolaemp.com.br\/emp\/wp-content\/uploads\/2018\/12\/Curso-de-harmonia-na-guitarra-e-viol\u00e3o-300x40.jpg 300w, https:\/\/escolaemp.com.br\/emp\/wp-content\/uploads\/2018\/12\/Curso-de-harmonia-na-guitarra-e-viol\u00e3o-768x103.jpg 768w, https:\/\/escolaemp.com.br\/emp\/wp-content\/uploads\/2018\/12\/Curso-de-harmonia-na-guitarra-e-viol\u00e3o-1024x137.jpg 1024w, https:\/\/escolaemp.com.br\/emp\/wp-content\/uploads\/2018\/12\/Curso-de-harmonia-na-guitarra-e-viol\u00e3o-260x35.jpg 260w, https:\/\/escolaemp.com.br\/emp\/wp-content\/uploads\/2018\/12\/Curso-de-harmonia-na-guitarra-e-viol\u00e3o-50x7.jpg 50w, https:\/\/escolaemp.com.br\/emp\/wp-content\/uploads\/2018\/12\/Curso-de-harmonia-na-guitarra-e-viol\u00e3o-150x20.jpg 150w\" sizes=\"(max-width: 1490px) 100vw, 1490px\" \/><\/p>\n<p><strong>T\u00d3PICOS<\/strong>: Neste curso o aluno poder\u00e1 entender com maior clareza como se constr\u00f3i um\u00a0<span class=\"Apple-style-span\">Chord Melody<\/span>\u00a0a partir de uma melodia dada com cifras. Ideal para alunos com um perfil jazz\u00edstico ou voltado para m\u00fasica popular brasileira. A t\u00e9cnica \u00e9 essencialmente instrumental. Ser\u00e3o estudados; notas mel\u00f3dicas, constru\u00e7\u00e3o de acordes, suas invers\u00f5es e intervalos de uma maneira muito mais profunda e hol\u00edstica.<\/p>\n<ul>\n<li>Aula ministrada pelo professor <a href=\"https:\/\/escolaemp.com.br\/emp\/portfolio-item\/edgar-oliveira\/\">Edgar Oliveira<\/a><\/li>\n<li>Hor\u00e1rio: segundas ou quartas \u00e0 noite<\/li>\n<li>Mensalidade: R$\n573,00\t\n\n<?php \u2013 (chord melody, musicaliza\u00e7\u00e3o e pr\u00e1tica em conjunto)<\/li>\n<\/ul>\n<ul>\n<li>Matr\u00edcula: <a href=\"#popup-69e6dcd648ae8\" rel=\"prettyphoto\" class=\"popup-link\">Veja as op\u00e7\u00f5es<\/a><div id=\"popup-69e6dcd648ae8\" class=\"popup-content\"><div class=\"popup-inner\" >\n<p style=\"font-weight: 400;\"><strong>R$\n113,00\t\n\n<?php<\/strong>\u00a0alunos at\u00e9 10 anos<\/p>\n<p style=\"font-weight: 400;\"><strong>R$\n198,00\n<?php<\/strong>\u00a0incluindo material did\u00e1tico do N\u00edvel I (Musicaliza\u00e7\u00e3o e Instrumento).<\/p>\n<p style=\"font-weight: 400;\"><em>O valor pode ser pago em 3 parcelas (cart\u00e3o de cr\u00e9dito).<\/em><\/p>\n<p><small class=\"\">\u00a0<\/small><\/div><\/div>\n<\/li>\n<\/ul>\n","protected":false},"excerpt":{"rendered":"<p>T\u00d3PICOS: Neste curso o aluno poder\u00e1 entender com maior clareza como se constr\u00f3i um\u00a0Chord Melody\u00a0a partir de uma melodia dada com cifras. Ideal para alunos com<span class=\"excerpt-hellip\"> [\u2026]<\/span><\/p>\n","protected":false},"author":1,"featured_media":0,"parent":0,"menu_order":0,"comment_status":"closed","ping_status":"closed","template":"","meta":[],"_links":{"self":[{"href":"https:\/\/escolaemp.com.br\/emp\/wp-json\/wp\/v2\/pages\/166"}],"collection":[{"href":"https:\/\/escolaemp.com.br\/emp\/wp-json\/wp\/v2\/pages"}],"about":[{"href":"https:\/\/escolaemp.com.br\/emp\/wp-json\/wp\/v2\/types\/page"}],"author":[{"embeddable":true,"href":"https:\/\/escolaemp.com.br\/emp\/wp-json\/wp\/v2\/users\/1"}],"replies":[{"embeddable":true,"href":"https:\/\/escolaemp.com.br\/emp\/wp-json\/wp\/v2\/comments?post=166"}],"version-history":[{"count":16,"href":"https:\/\/escolaemp.com.br\/emp\/wp-json\/wp\/v2\/pages\/166\/revisions"}],"predecessor-version":[{"id":2883,"href":"https:\/\/escolaemp.com.br\/emp\/wp-json\/wp\/v2\/pages\/166\/revisions\/2883"}],"wp:attachment":[{"href":"https:\/\/escolaemp.com.br\/emp\/wp-json\/wp\/v2\/media?parent=166"}],"curies":[{"name":"wp","href":"https:\/\/api.w.org\/{rel}","templated":true}]}}