{"id":151,"date":"2018-12-26T13:48:46","date_gmt":"2018-12-26T13:48:46","guid":{"rendered":"https:\/\/escolaemp.com.br\/emp\/?page_id=151"},"modified":"2022-12-07T11:15:39","modified_gmt":"2022-12-07T11:15:39","slug":"curso-de-gravacao-e-interpretacao-voz","status":"publish","type":"page","link":"https:\/\/escolaemp.com.br\/emp\/curso-de-gravacao-e-interpretacao-voz\/","title":{"rendered":"Curso de Grava\u00e7\u00e3o e Interpreta\u00e7\u00e3o \u2013 Voz"},"content":{"rendered":"<p><img decoding=\"async\" loading=\"lazy\" class=\"alignnone wp-image-152 size-full\" src=\"https:\/\/escolaemp.com.br\/emp\/wp-content\/uploads\/2018\/12\/Curso-de-Grava\u00e7\u00e3o-e-Interpreta\u00e7\u00e3o-Voz.jpg\" alt=\"Curso de Grava\u00e7\u00e3o e Interpreta\u00e7\u00e3o - Voz\" width=\"1490\" height=\"300\" srcset=\"https:\/\/escolaemp.com.br\/emp\/wp-content\/uploads\/2018\/12\/Curso-de-Grava\u00e7\u00e3o-e-Interpreta\u00e7\u00e3o-Voz.jpg 1490w, https:\/\/escolaemp.com.br\/emp\/wp-content\/uploads\/2018\/12\/Curso-de-Grava\u00e7\u00e3o-e-Interpreta\u00e7\u00e3o-Voz-300x60.jpg 300w, https:\/\/escolaemp.com.br\/emp\/wp-content\/uploads\/2018\/12\/Curso-de-Grava\u00e7\u00e3o-e-Interpreta\u00e7\u00e3o-Voz-768x155.jpg 768w, https:\/\/escolaemp.com.br\/emp\/wp-content\/uploads\/2018\/12\/Curso-de-Grava\u00e7\u00e3o-e-Interpreta\u00e7\u00e3o-Voz-1024x206.jpg 1024w, https:\/\/escolaemp.com.br\/emp\/wp-content\/uploads\/2018\/12\/Curso-de-Grava\u00e7\u00e3o-e-Interpreta\u00e7\u00e3o-Voz-260x52.jpg 260w, https:\/\/escolaemp.com.br\/emp\/wp-content\/uploads\/2018\/12\/Curso-de-Grava\u00e7\u00e3o-e-Interpreta\u00e7\u00e3o-Voz-50x10.jpg 50w, https:\/\/escolaemp.com.br\/emp\/wp-content\/uploads\/2018\/12\/Curso-de-Grava\u00e7\u00e3o-e-Interpreta\u00e7\u00e3o-Voz-150x30.jpg 150w\" sizes=\"(max-width: 1490px) 100vw, 1490px\" \/><\/p>\n<p>&nbsp;<\/p>\n<p>O aluno que optar por este curso, ter\u00e1 al\u00e9m das aulas do curso de canto, mais 2 aulas de grava\u00e7\u00e3o e interpreta\u00e7\u00e3o mensais, cada uma com dura\u00e7\u00e3o de 45 minutos.<\/p>\n<p>A aula de grava\u00e7\u00e3o e interpreta\u00e7\u00e3o acontece no est\u00fadio da escola, e trabalhar\u00e1 com o aluno t\u00f3picos relacionados \u00e0 interpreta\u00e7\u00e3o vocal em grava\u00e7\u00f5es, bem como dicas sobre grava\u00e7\u00e3o de vozes no est\u00fadio.<\/p>\n<p>Aula \u00e9 sempre ministrada por um t\u00e9cnico de som (<a href=\"https:\/\/escolaemp.com.br\/emp\/portfolio-item\/sergio-dua\/\">S\u00e9rgio Du\u00e1<\/a>) e por um orientador vocal ( <a href=\"https:\/\/escolaemp.com.br\/emp\/portfolio-item\/marcio-duraes\/\">M\u00e1rcio Dur\u00e3ess<\/a>).<\/p>\n<p>Pacote: Curso de canto + aulas de grava\u00e7\u00e3o e interpreta\u00e7\u00e3o<\/p>\n<p><strong>Valor da mensalidade<\/strong>: R$\n870,00\t\n\n<?php<\/p>\n<p>Al\u00e9m disso, podemos oferecer tamb\u00e9m aulas avulsas de grava\u00e7\u00e3o e\u00a0interpreta\u00e7\u00e3o para alunos que queiram fazer esta aula esporadicamente. Valor\u00a0para cada aula de 45 minutos \u00e9 R$\n215,00\t\n\n<?php.<\/p>\n","protected":false},"excerpt":{"rendered":"<p>&nbsp; O aluno que optar por este curso, ter\u00e1 al\u00e9m das aulas do curso de canto, mais 2 aulas de grava\u00e7\u00e3o e interpreta\u00e7\u00e3o mensais, cada uma<span class=\"excerpt-hellip\"> [\u2026]<\/span><\/p>\n","protected":false},"author":1,"featured_media":0,"parent":0,"menu_order":0,"comment_status":"closed","ping_status":"closed","template":"","meta":[],"_links":{"self":[{"href":"https:\/\/escolaemp.com.br\/emp\/wp-json\/wp\/v2\/pages\/151"}],"collection":[{"href":"https:\/\/escolaemp.com.br\/emp\/wp-json\/wp\/v2\/pages"}],"about":[{"href":"https:\/\/escolaemp.com.br\/emp\/wp-json\/wp\/v2\/types\/page"}],"author":[{"embeddable":true,"href":"https:\/\/escolaemp.com.br\/emp\/wp-json\/wp\/v2\/users\/1"}],"replies":[{"embeddable":true,"href":"https:\/\/escolaemp.com.br\/emp\/wp-json\/wp\/v2\/comments?post=151"}],"version-history":[{"count":8,"href":"https:\/\/escolaemp.com.br\/emp\/wp-json\/wp\/v2\/pages\/151\/revisions"}],"predecessor-version":[{"id":2176,"href":"https:\/\/escolaemp.com.br\/emp\/wp-json\/wp\/v2\/pages\/151\/revisions\/2176"}],"wp:attachment":[{"href":"https:\/\/escolaemp.com.br\/emp\/wp-json\/wp\/v2\/media?parent=151"}],"curies":[{"name":"wp","href":"https:\/\/api.w.org\/{rel}","templated":true}]}}

Curso de Gravação e Interpretação – Voz

<p><img decoding="async" loading="lazy" class="alignnone wp-image-152 size-full" src="https://escolaemp.com.br/emp/wp-content/uploads/2018/12/Curso-de-Gravação-e-Interpretação-Voz.jpg" alt="Curso de Gravação e Interpretação - Voz" width="1490" height="300" srcset="https://escolaemp.com.br/emp/wp-content/uploads/2018/12/Curso-de-Gravação-e-Interpretação-Voz.jpg 1490w, https://escolaemp.com.br/emp/wp-content/uploads/2018/12/Curso-de-Gravação-e-Interpretação-Voz-300x60.jpg 300w, https://escolaemp.com.br/emp/wp-content/uploads/2018/12/Curso-de-Gravação-e-Interpretação-Voz-768x155.jpg 768w, https://escolaemp.com.br/emp/wp-content/uploads/2018/12/Curso-de-Gravação-e-Interpretação-Voz-1024x206.jpg 1024w, https://escolaemp.com.br/emp/wp-content/uploads/2018/12/Curso-de-Gravação-e-Interpretação-Voz-260x52.jpg 260w, https://escolaemp.com.br/emp/wp-content/uploads/2018/12/Curso-de-Gravação-e-Interpretação-Voz-50x10.jpg 50w, https://escolaemp.com.br/emp/wp-content/uploads/2018/12/Curso-de-Gravação-e-Interpretação-Voz-150x30.jpg 150w" sizes="(max-width: 1490px) 100vw, 1490px" /></p>
<p>&nbsp;</p>
<p>O aluno que optar por este curso, terá além das aulas do curso de canto, mais 2 aulas de gravação e interpretação mensais, cada uma com duração de 45 minutos.</p>
<p>A aula de gravação e interpretação acontece no estúdio da escola, e trabalhará com o aluno tópicos relacionados à interpretação vocal em gravações, bem como dicas sobre gravação de vozes no estúdio.</p>
<p>Aula é sempre ministrada por um técnico de som (<a href="https://escolaemp.com.br/emp/portfolio-item/sergio-dua/">Sérgio Duá</a>) e por um orientador vocal ( <a href="https://escolaemp.com.br/emp/portfolio-item/marcio-duraes/">Márcio Durãess</a>).</p>
<p>Pacote: Curso de canto + aulas de gravação e interpretação</p>
<p><strong>Valor da mensalidade</strong>: R$
870,00	

<?php</p>
<p>Além disso, podemos oferecer também aulas avulsas de gravação e interpretação para alunos que queiram fazer esta aula esporadicamente. Valor para cada aula de 45 minutos é R$
215,00	

<?php.</p>

<p>&nbsp; O aluno que optar por este curso, terá além das aulas do curso de canto, mais 2 aulas de gravação e interpretação mensais, cada uma<span class="excerpt-hellip"> […]</span></p>
