{"id":1468,"date":"2021-02-02T13:26:06","date_gmt":"2021-02-02T13:26:06","guid":{"rendered":"https:\/\/escolaemp.com.br\/emp\/?page_id=1468"},"modified":"2026-01-19T17:56:54","modified_gmt":"2026-01-19T17:56:54","slug":"praticas-em-conjunto","status":"publish","type":"page","link":"https:\/\/escolaemp.com.br\/emp\/praticas-em-conjunto\/","title":{"rendered":"Pr\u00e1ticas em Conjunto"},"content":{"rendered":"<p><a href=\"https:\/\/g.page\/r\/CSoa_QQDHxjMEB0\/review\"><img decoding=\"async\" loading=\"lazy\" class=\"alignnone size-full wp-image-2393\" src=\"https:\/\/escolaemp.com.br\/emp\/wp-content\/uploads\/2023\/05\/1.png\" alt=\"\" width=\"829\" height=\"154\" srcset=\"https:\/\/escolaemp.com.br\/emp\/wp-content\/uploads\/2023\/05\/1.png 829w, https:\/\/escolaemp.com.br\/emp\/wp-content\/uploads\/2023\/05\/1-300x56.png 300w, https:\/\/escolaemp.com.br\/emp\/wp-content\/uploads\/2023\/05\/1-768x143.png 768w, https:\/\/escolaemp.com.br\/emp\/wp-content\/uploads\/2023\/05\/1-260x48.png 260w, https:\/\/escolaemp.com.br\/emp\/wp-content\/uploads\/2023\/05\/1-50x9.png 50w, https:\/\/escolaemp.com.br\/emp\/wp-content\/uploads\/2023\/05\/1-150x28.png 150w\" sizes=\"(max-width: 829px) 100vw, 829px\" \/><\/a><\/p>\n<p>As pr\u00e1ticas em conjunto da Escola EMP s\u00e3o uma excelente maneira para voc\u00ea aprender a tocar junto com um grupo de m\u00fasicos e aperfei\u00e7oar sua t\u00e9cnica individual. \u00c9 uma \u00f3tima oportunidade pra voc\u00ea que quer tocar em uma banda ou grupo musical.<\/p>\n<h2><img decoding=\"async\" loading=\"lazy\" class=\"alignnone size-large wp-image-3051\" src=\"https:\/\/escolaemp.com.br\/emp\/wp-content\/uploads\/2026\/01\/Pratica-em-conjunto-Internacional-2026-Primeiro-semestre-724x1024.jpg\" alt=\"\" width=\"724\" height=\"1024\" srcset=\"https:\/\/escolaemp.com.br\/emp\/wp-content\/uploads\/2026\/01\/Pratica-em-conjunto-Internacional-2026-Primeiro-semestre-724x1024.jpg 724w, https:\/\/escolaemp.com.br\/emp\/wp-content\/uploads\/2026\/01\/Pratica-em-conjunto-Internacional-2026-Primeiro-semestre-212x300.jpg 212w, https:\/\/escolaemp.com.br\/emp\/wp-content\/uploads\/2026\/01\/Pratica-em-conjunto-Internacional-2026-Primeiro-semestre-768x1086.jpg 768w, https:\/\/escolaemp.com.br\/emp\/wp-content\/uploads\/2026\/01\/Pratica-em-conjunto-Internacional-2026-Primeiro-semestre-1086x1536.jpg 1086w, https:\/\/escolaemp.com.br\/emp\/wp-content\/uploads\/2026\/01\/Pratica-em-conjunto-Internacional-2026-Primeiro-semestre-103x146.jpg 103w, https:\/\/escolaemp.com.br\/emp\/wp-content\/uploads\/2026\/01\/Pratica-em-conjunto-Internacional-2026-Primeiro-semestre-35x50.jpg 35w, https:\/\/escolaemp.com.br\/emp\/wp-content\/uploads\/2026\/01\/Pratica-em-conjunto-Internacional-2026-Primeiro-semestre-53x75.jpg 53w, https:\/\/escolaemp.com.br\/emp\/wp-content\/uploads\/2026\/01\/Pratica-em-conjunto-Internacional-2026-Primeiro-semestre.jpg 1414w\" sizes=\"(max-width: 724px) 100vw, 724px\" \/><\/h2>\n<p><iframe loading=\"lazy\" style=\"border-radius: 12px;\" src=\"https:\/\/open.spotify.com\/embed\/playlist\/6mYC95zZejP8k63w5nAkx1?utm_source=generator\" width=\"100%\" height=\"352\" frameborder=\"0\" allowfullscreen=\"allowfullscreen\"><\/iframe><\/p>\n<p><img decoding=\"async\" loading=\"lazy\" class=\"alignnone size-large wp-image-3052\" src=\"https:\/\/escolaemp.com.br\/emp\/wp-content\/uploads\/2026\/01\/Pratica-em-conjunto-Nacional-2026-Primeiro-semestre-724x1024.jpg\" alt=\"\" width=\"724\" height=\"1024\" srcset=\"https:\/\/escolaemp.com.br\/emp\/wp-content\/uploads\/2026\/01\/Pratica-em-conjunto-Nacional-2026-Primeiro-semestre-724x1024.jpg 724w, https:\/\/escolaemp.com.br\/emp\/wp-content\/uploads\/2026\/01\/Pratica-em-conjunto-Nacional-2026-Primeiro-semestre-212x300.jpg 212w, https:\/\/escolaemp.com.br\/emp\/wp-content\/uploads\/2026\/01\/Pratica-em-conjunto-Nacional-2026-Primeiro-semestre-768x1086.jpg 768w, https:\/\/escolaemp.com.br\/emp\/wp-content\/uploads\/2026\/01\/Pratica-em-conjunto-Nacional-2026-Primeiro-semestre-1086x1536.jpg 1086w, https:\/\/escolaemp.com.br\/emp\/wp-content\/uploads\/2026\/01\/Pratica-em-conjunto-Nacional-2026-Primeiro-semestre-103x146.jpg 103w, https:\/\/escolaemp.com.br\/emp\/wp-content\/uploads\/2026\/01\/Pratica-em-conjunto-Nacional-2026-Primeiro-semestre-35x50.jpg 35w, https:\/\/escolaemp.com.br\/emp\/wp-content\/uploads\/2026\/01\/Pratica-em-conjunto-Nacional-2026-Primeiro-semestre-53x75.jpg 53w, https:\/\/escolaemp.com.br\/emp\/wp-content\/uploads\/2026\/01\/Pratica-em-conjunto-Nacional-2026-Primeiro-semestre.jpg 1414w\" sizes=\"(max-width: 724px) 100vw, 724px\" \/><\/p>\n<h2>\u00a0<iframe loading=\"lazy\" style=\"border-radius: 12px;\" src=\"https:\/\/open.spotify.com\/embed\/playlist\/3zv5gEUS7PyJPCLY3lWoG4?utm_source=generator\" width=\"100%\" height=\"352\" frameborder=\"0\" allowfullscreen=\"allowfullscreen\"><\/iframe><\/h2>\n<p><img decoding=\"async\" loading=\"lazy\" class=\"alignnone size-large wp-image-3053\" src=\"https:\/\/escolaemp.com.br\/emp\/wp-content\/uploads\/2026\/01\/Pratica-em-conjunto-Rock-Classico-e-Blues-2026-Primeiro-semestre-724x1024.jpg\" alt=\"\" width=\"724\" height=\"1024\" srcset=\"https:\/\/escolaemp.com.br\/emp\/wp-content\/uploads\/2026\/01\/Pratica-em-conjunto-Rock-Classico-e-Blues-2026-Primeiro-semestre-724x1024.jpg 724w, https:\/\/escolaemp.com.br\/emp\/wp-content\/uploads\/2026\/01\/Pratica-em-conjunto-Rock-Classico-e-Blues-2026-Primeiro-semestre-212x300.jpg 212w, https:\/\/escolaemp.com.br\/emp\/wp-content\/uploads\/2026\/01\/Pratica-em-conjunto-Rock-Classico-e-Blues-2026-Primeiro-semestre-768x1086.jpg 768w, https:\/\/escolaemp.com.br\/emp\/wp-content\/uploads\/2026\/01\/Pratica-em-conjunto-Rock-Classico-e-Blues-2026-Primeiro-semestre-1086x1536.jpg 1086w, https:\/\/escolaemp.com.br\/emp\/wp-content\/uploads\/2026\/01\/Pratica-em-conjunto-Rock-Classico-e-Blues-2026-Primeiro-semestre-103x146.jpg 103w, https:\/\/escolaemp.com.br\/emp\/wp-content\/uploads\/2026\/01\/Pratica-em-conjunto-Rock-Classico-e-Blues-2026-Primeiro-semestre-35x50.jpg 35w, https:\/\/escolaemp.com.br\/emp\/wp-content\/uploads\/2026\/01\/Pratica-em-conjunto-Rock-Classico-e-Blues-2026-Primeiro-semestre-53x75.jpg 53w, https:\/\/escolaemp.com.br\/emp\/wp-content\/uploads\/2026\/01\/Pratica-em-conjunto-Rock-Classico-e-Blues-2026-Primeiro-semestre.jpg 1414w\" sizes=\"(max-width: 724px) 100vw, 724px\" \/><\/p>\n<h2><iframe loading=\"lazy\" style=\"border-radius: 12px;\" src=\"https:\/\/open.spotify.com\/embed\/playlist\/2ucJiFT1BuFx8tuVtJcH5M?utm_source=generator\" width=\"100%\" height=\"352\" frameborder=\"0\" allowfullscreen=\"allowfullscreen\"><\/iframe><\/h2>\n<p><strong>Valor da aula*<\/strong> R$\n98,00 (mediante disponibilidade de vagas)\t\n\n<?php<\/p>\n<p>* Gratuito para alunos da escola<\/p>\n<p>Mais informa\u00e7\u00f5es:\u00a0<a href=\"https:\/\/api.whatsapp.com\/send?phone=5531993619719&amp;text=Ol%C3%A1%20meu%20nome%20%C3%A9:%20\">(31) 99361-9719<\/a><\/p>\n<h4>Tamb\u00e9m oferecemos a pr\u00e1tica em conjunto online. Confira os detalhes:<\/h4>\n<blockquote class=\"wp-embedded-content\" data-secret=\"kz4L129hdK\"><p><a href=\"https:\/\/escolaemp.com.br\/emp\/praticas-em-conjunto-online\/\">Pr\u00e1ticas em Conjunto Online<\/a><\/p><\/blockquote>\n<p><iframe class=\"wp-embedded-content\" sandbox=\"allow-scripts\" security=\"restricted\" style=\"position: absolute; clip: rect(1px, 1px, 1px, 1px);\" title=\"&#8220;Pr\u00e1ticas em Conjunto Online&#8221; &#8212; Escola EMP\" src=\"https:\/\/escolaemp.com.br\/emp\/praticas-em-conjunto-online\/embed\/#?secret=infkcwJgdU#?secret=kz4L129hdK\" data-secret=\"kz4L129hdK\" width=\"600\" height=\"338\" frameborder=\"0\" marginwidth=\"0\" marginheight=\"0\" scrolling=\"no\"><\/iframe><\/p>\n<p>Veja alguns dos melhores momentos da Pr\u00e1tica em Conjunto de Agosto de 2025:<\/p>\n<p><iframe loading=\"lazy\" title=\"Momentos da pr\u00e1tica em conjunto Rock Cl\u00e1ssico e Blues de Agosto de 2025 da EMP Escola de M\u00fasica\" width=\"563\" height=\"1000\" src=\"https:\/\/www.youtube.com\/embed\/VPH0FIKeO2U?feature=oembed\" frameborder=\"0\" allow=\"accelerometer; autoplay; clipboard-write; encrypted-media; gyroscope; picture-in-picture; web-share\" referrerpolicy=\"strict-origin-when-cross-origin\" allowfullscreen><\/iframe><\/p>\n<p><iframe loading=\"lazy\" title=\"Aulas de Pr\u00e1tica em Conjunto Nacional   Agosto de 2025 - EMP Escola de M\u00fasica\" width=\"563\" height=\"1000\" src=\"https:\/\/www.youtube.com\/embed\/__v3ZMoG0Sg?feature=oembed\" frameborder=\"0\" allow=\"accelerometer; autoplay; clipboard-write; encrypted-media; gyroscope; picture-in-picture; web-share\" referrerpolicy=\"strict-origin-when-cross-origin\" allowfullscreen><\/iframe><\/p>\n<p><iframe loading=\"lazy\" title=\"Aulas de pr\u00e1tica em conjunto internacional -   Agosto de 2025 - EMP Escola de M\u00fasica\" width=\"563\" height=\"1000\" src=\"https:\/\/www.youtube.com\/embed\/gAF5TsWwtB0?feature=oembed\" frameborder=\"0\" allow=\"accelerometer; autoplay; clipboard-write; encrypted-media; gyroscope; picture-in-picture; web-share\" referrerpolicy=\"strict-origin-when-cross-origin\" allowfullscreen><\/iframe><\/p>\n<p><iframe loading=\"lazy\" title=\"Aulas de pr\u00e1tica em conjunto Rock Cl\u00e1ssico e Blues  da EMP Escola de M\u00fasica em  Mar\u00e7o de 2025\" width=\"1200\" height=\"900\" src=\"https:\/\/www.youtube.com\/embed\/FDMJ77HSqt0?feature=oembed\" frameborder=\"0\" allow=\"accelerometer; autoplay; clipboard-write; encrypted-media; gyroscope; picture-in-picture; web-share\" referrerpolicy=\"strict-origin-when-cross-origin\" allowfullscreen><\/iframe><\/p>\n<p><iframe loading=\"lazy\" title=\"Momentos da Pr\u00e1tica em conjunto Nacional   Mar\u00e7o de 2025 - EMP Escola de M\u00fasica\" width=\"1200\" height=\"900\" src=\"https:\/\/www.youtube.com\/embed\/mUIZ1R0opNo?feature=oembed\" frameborder=\"0\" allow=\"accelerometer; autoplay; clipboard-write; encrypted-media; gyroscope; picture-in-picture; web-share\" referrerpolicy=\"strict-origin-when-cross-origin\" allowfullscreen><\/iframe><\/p>\n<p><iframe loading=\"lazy\" title=\"Pr\u00e1tica em conjunto Internacional   -  Mar\u00e7o de 2025 - EMP Escola de M\u00fasica\" width=\"1200\" height=\"900\" src=\"https:\/\/www.youtube.com\/embed\/Osp0YQWDS8o?feature=oembed\" frameborder=\"0\" allow=\"accelerometer; autoplay; clipboard-write; encrypted-media; gyroscope; picture-in-picture; web-share\" referrerpolicy=\"strict-origin-when-cross-origin\" allowfullscreen><\/iframe><\/p>\n<p><iframe loading=\"lazy\" title=\"Pr\u00e1tica em conjunto Rock Cl\u00e1ssico e Blues  -  EMP Escola de M\u00fasica\" width=\"1200\" height=\"900\" src=\"https:\/\/www.youtube.com\/embed\/ZUJMvOsTJ1A?feature=oembed\" frameborder=\"0\" allow=\"accelerometer; autoplay; clipboard-write; encrypted-media; gyroscope; picture-in-picture; web-share\" referrerpolicy=\"strict-origin-when-cross-origin\" allowfullscreen><\/iframe><\/p>\n<p><iframe loading=\"lazy\" title=\"Pr\u00e1tica em conjunto Nacional - Fevereiro de 2025 - EMP Escola de M\u00fasica\" width=\"1200\" height=\"900\" src=\"https:\/\/www.youtube.com\/embed\/nKJ9oSI-wGI?feature=oembed\" frameborder=\"0\" allow=\"accelerometer; autoplay; clipboard-write; encrypted-media; gyroscope; picture-in-picture; web-share\" referrerpolicy=\"strict-origin-when-cross-origin\" allowfullscreen><\/iframe><\/p>\n<p><iframe loading=\"lazy\" title=\"Pr\u00e1tica em conjunto internacional de Fevereiro de 2025 na EMP Escola de M\u00fasica.\" width=\"1200\" height=\"900\" src=\"https:\/\/www.youtube.com\/embed\/MBxGGsZPGEI?feature=oembed\" frameborder=\"0\" allow=\"accelerometer; autoplay; clipboard-write; encrypted-media; gyroscope; picture-in-picture; web-share\" referrerpolicy=\"strict-origin-when-cross-origin\" allowfullscreen><\/iframe><\/p>\n<p><iframe loading=\"lazy\" title=\"Pr\u00e1ticas em conjunto de Setembro de 2024 - EMP Escola de M\u00fasica\" width=\"1200\" height=\"900\" src=\"https:\/\/www.youtube.com\/embed\/p3OqjWP0qWw?feature=oembed\" frameborder=\"0\" allow=\"accelerometer; autoplay; clipboard-write; encrypted-media; gyroscope; picture-in-picture; web-share\" referrerpolicy=\"strict-origin-when-cross-origin\" allowfullscreen><\/iframe><\/p>\n<p><iframe loading=\"lazy\" title=\"Pr\u00e1ticas em conjunto da EMP Escola de M\u00fasica  - Agosto de 2024\" width=\"1200\" height=\"900\" src=\"https:\/\/www.youtube.com\/embed\/fUXw1dKVXk0?feature=oembed\" frameborder=\"0\" allow=\"accelerometer; autoplay; clipboard-write; encrypted-media; gyroscope; picture-in-picture; web-share\" referrerpolicy=\"strict-origin-when-cross-origin\" allowfullscreen><\/iframe><\/p>\n<p><iframe loading=\"lazy\" title=\"Momentos Mar\u00e7o de 2024   pr\u00e1ticas canva\" width=\"1200\" height=\"900\" src=\"https:\/\/www.youtube.com\/embed\/6OsgDecpr9M?feature=oembed\" frameborder=\"0\" allow=\"accelerometer; autoplay; clipboard-write; encrypted-media; gyroscope; picture-in-picture; web-share\" referrerpolicy=\"strict-origin-when-cross-origin\" allowfullscreen><\/iframe><\/p>\n<p><iframe loading=\"lazy\" title=\"Pr\u00e1ticas em conjunto - Fevereiro de 2024 - EMP Escola de M\u00fasica\" width=\"1200\" height=\"900\" src=\"https:\/\/www.youtube.com\/embed\/CUy73sWHnvE?feature=oembed\" frameborder=\"0\" allow=\"accelerometer; autoplay; clipboard-write; encrypted-media; gyroscope; picture-in-picture; web-share\" referrerpolicy=\"strict-origin-when-cross-origin\" allowfullscreen><\/iframe><\/p>\n","protected":false},"excerpt":{"rendered":"<p>As pr\u00e1ticas em conjunto da Escola EMP s\u00e3o uma excelente maneira para voc\u00ea aprender a tocar junto com um grupo de m\u00fasicos e aperfei\u00e7oar sua t\u00e9cnica<span class=\"excerpt-hellip\"> [\u2026]<\/span><\/p>\n","protected":false},"author":1,"featured_media":0,"parent":0,"menu_order":0,"comment_status":"closed","ping_status":"closed","template":"","meta":[],"_links":{"self":[{"href":"https:\/\/escolaemp.com.br\/emp\/wp-json\/wp\/v2\/pages\/1468"}],"collection":[{"href":"https:\/\/escolaemp.com.br\/emp\/wp-json\/wp\/v2\/pages"}],"about":[{"href":"https:\/\/escolaemp.com.br\/emp\/wp-json\/wp\/v2\/types\/page"}],"author":[{"embeddable":true,"href":"https:\/\/escolaemp.com.br\/emp\/wp-json\/wp\/v2\/users\/1"}],"replies":[{"embeddable":true,"href":"https:\/\/escolaemp.com.br\/emp\/wp-json\/wp\/v2\/comments?post=1468"}],"version-history":[{"count":93,"href":"https:\/\/escolaemp.com.br\/emp\/wp-json\/wp\/v2\/pages\/1468\/revisions"}],"predecessor-version":[{"id":3054,"href":"https:\/\/escolaemp.com.br\/emp\/wp-json\/wp\/v2\/pages\/1468\/revisions\/3054"}],"wp:attachment":[{"href":"https:\/\/escolaemp.com.br\/emp\/wp-json\/wp\/v2\/media?parent=1468"}],"curies":[{"name":"wp","href":"https:\/\/api.w.org\/{rel}","templated":true}]}}